 -15 - 0) + (-2 - -11)
22
What is the value of -10 + 9 + -8 + 11 - (-1 + 14)?
-11
Evaluate -1 + -3 + -3 - (-16 - (5 + -1)).
13
Evaluate (17 - (-1 + 10 + 5)) + 11.
14
What is 0 + -2 + -158 + 172?
12
What is (-4 - 7) + -7 + 26?
8
What is the value of (-12 + 13 - -9) + -16?
-6
What is -9 - ((-29 - -5 - 4) + 14)?
5
Evaluate 13 + -18 + 6 + 3.
4
235 - 239 - (5 - 1)
-8
What is the value of -5 - (10 + (-10 - -12))?
-17
Calculate -7 + 12 + -14 - -5 - (-2 + -1).
-1
What is the value of 12 + (-7 - (-17 - -7)) - (-2 - 9)?
26
What is the value of -20 - (10 + -7 + -13) - 16?
-26
-1 + (-13 + -2 - -4) + 5 + -2
-9
Calculate (-19 - 0) + (134 - 123).
-8
-2 + (-6 - 0) + -1 + -20 + 15
-14
Evaluate 6 + -2 - -5 - (6 - 5).
8
Calculate -12 + (3 - (15 - (3 - 3))).
-24
What is -9 + 9 + -17 + 22?
5
Calculate -10 + 19 + 0 + -5 + 9.
13
Evaluate (9 + -6 + -10 - -4) + -8.
-11
What is the value of -586 - -585 - (0 + 1 - (1 + -4))?
-5
Calculate 6 + (2 - (5 + -7 + 9)).
1
Calculate -9 + 2 - -14 - (6 - -2) - 2.
-3
Evaluate -2 - (-6 + -3 - (18 - 6 - 13)).
6
What is 22 + (2 - 1) - (13 + -12 - -6)?
16
Evaluate -2 - (17 + -13 + -8).
2
What is -34 + 25 + 0 - (5 - (0 - 1))?
-15
Calculate -10 + 0 - (38 - 18 - 5 - 9).
-16
Evaluate (-6 - (8 - 22)) + 1 + 8 + -9.
8
19 - (10 - (-18 + -9))
-18
What is the value of (-11 + 29 + -13 - 34) + 3?
-26
-8 - (-6 + (10 - 21))
9
What is the value of (26 - 13) + -5 + (-27 - 0) + 5?
-14
Calculate (6 - 28) + 80 + -34.
24
Calculate -10 - ((36 - 43) + 21).
-24
Evaluate 1 - (0 + -3 + 6) - (48 + -44).
-6
What is the value of -4 - (-9 + 9) - -10?
6
What is the value of (-4 - 14) + 19 - (10 - 0)?
-9
What is (37 - 52) + (-2 - -7)?
-10
What is 20 + (-32 - -28) + -28?
-12
What is -59 + 41 - (-33 + 4)?
11
What is (43 - (-43 - -72)) + -22?
-8
Evaluate (33 - 17 - 22) + (-1 - 0).
-7
18 + -13 + 11 + 3 + -2
17
What is the value of -22 + 12 - 6 - -9?
-7
What is the value of -8 + (7 + 4 - 7)?
-4
9 + 0 + 32 + -35 + 3
9
What is the value of (-15 - -11) + 0 - (9 + -1)?
-12
Evaluate 18 + -14 - ((2 - -1 - -1) + -1).
1
(-35 - -32 - (2 - (2 - -4))) + 2
3
What is -4 - (-6 - -14) - -17?
5
What is (9 - (10 + -6 + 2) - -2) + -16?
-11
Calculate -8 + (-5 - (1 + (5 - 11) + -4)).
-4
-16 - (3 - (23 - 5))
-1
-4 + (-3 + 4 - -10) - (12 - 16)
11
Evaluate -9 + -1 - (0 - 20).
10
What is -3 + (-8 - -14) + 3?
6
Calculate 2 + (-3 - 2) + 5 + 19 + -23.
-2
What is -1886 + 1838 - (-1 - 23)?
-24
-17 - (15 - 3 - 15)
-14
26 + (-60 - -40) - (-13 - -1)
18
(2 - -1) + (131 - 125)
9
What is 18 + (-7 - -3) + 11 + (-21 - -1)?
5
Evaluate 30 - (2 + 4) - 13.
11
Evaluate 1 + -1 + (81 - 83).
-2
What is -10 - (-6 - (-17 - -7))?
-14
Evaluate (156 - 140) + (7 - 22).
1
(-19 - (-11 - -4)) + (-5 - (0 - 35))
18
What is the value of -24 + 21 + 59 + -28?
28
(-3 - 11 - (-19 - -20)) + 6 + 3
-6
Calculate 1 + (-7 - (-17 - 5 - -12)).
4
Evaluate 3 - 24 - 15 - -34.
-2
Evaluate -16 + 7 + 13 + -2 + 9.
11
-4 - ((-18 + 6 - -18) + -8 + -3)
1
Evaluate 2 - -2 - (18 + (13 - 9)) - -8.
-10
What is the value of -8 + -3 - -6 - 18 - -12?
-11
What is -14 - (-26 + (17 - 4))?
-1
Calculate (0 - -12) + (32 - 19) + -18.
7
Evaluate -7 + (-38 - -5 - -24) + (1 - -43).
28
What is -12 - ((16 - -2) + -29) - (13 - 1)?
-13
Calculate -4 + 43 + -19 - 20.
0
Evaluate (-7 - 4) + (-1 - -18).
6
Evaluate (2 + (10 - 5) - 6) + 7.
8
Calculate (-5 - (-8 - -4)) + 8 - (1 + -3).
9
Calculate -11 - (4 + -12 - 7 - -16).
-12
(10 - 24) + 0 - -19
5
Evaluate (-5 + 0 - (-23 + 20)) + -1 + 9.
6
Evaluate 14 + (-25 + 8 - -18) + -19.
-4
Calculate 21 + -1 - (-15 + 89 + -39).
-15
Evaluate 48 + (-30 + 13 - 7).
24
What is the value of 5 + (5 + 0 + -1 - -1)?
10
What is -9 - (-16 + (1 - 0))?
6
Calculate -6 + (3 - 2) - (32 + -57).
20
-1 + 1 - (-5 - -2 - -12)
-9
What is the value of 8 - ((-8 - 5) + (-4 - -6))?
19
What is the value of (22 - (63 + -30)) + 9?
-2
What is the value of 8 - (7 - (-8 - -12)) - (2 + 9)?
-6
Evaluate -11 - 2 - (-55 - -19).
23
-11 + (15 - -12) + -44
-28
What is (-9 - -32) + -16 + (0 - 1) + -1?
5
Calculate 27 - 23 - (-2 + -2 - -9) - -17.
16
Evaluate (11 - 19) + 4 + -1 + (1 - 16).
-20
Evaluate -1 + 8 + -1 + 124 + -128.
2
Calculate -12 + 8 - (16 - 7 - -1).
-14
Evaluate -5 - (-27 + (8 - (-7 + 14)) + 5).
16
What is the value of 1 - (6 - (3 + 1)) - (2 - -3)?
-6
What is -5 + (27 - 18) - -5?
9
What is the value of 1 + (-1 - -17 - 17)?
0
What is 28 + -18 + 4 + -8?
6
-6 + -20 + (-16 - -23)
-19
Evaluate (7 - (-21 - -33)) + 0 + 11 + 29.
35
Evaluate -1 + 2 + (-10 + 5 - 4) + 10.
2
Calculate 0 + (-1 + -3 - (6 + -36) - -1).
27
-9 - (2 - 7 - (-5 + (-9 - -15)))
-3
What is the value of -6 + -7 + 0 + 20 + 6 + 4?
17
What is the value of 1 - (-1 + 2) - (-24 - (-41 + 6))?
-11
Evaluate 24 + -21 + 4 + (9 - -2 - 4).
14
What is the value of (1 - 4) + -12 + -18 + 25 - 4?
-12
What is -13 + (7 - (13 - 12))?
-7
Calculate -7 - 1 - (33 - 44).
3
What is the value of (-6 - -21) + -1 - (-5 - 1)?
20
What is the value of (4 + -2 - (-28 + 31)) + 26 + -7?
18
What is the value of 3 - (-35 - 10 - -35)?
13
Calculate 5 - 6 - (7 + 0) - (31 + -31).
-8
Evaluate 302 + -283 - (-12 + 1).
30
What is -8 - 0 - (74 + -84) - (-2 - -5)?
-1
Evaluate (12 + -8 - 2) + 27 + -16.
13
Calculate -1 + (-26 - -15 - (6 + -16)).
-2
What is the value of -1 + (-10 + 19 - 32)?
-24
What is the value of 30 - (-23 - -3 - -24)?
26
Calculate 114 + -118 - (-1 - (-2 - -8) - -1).
2
What is the value of (-3 - (-20 - (10 - 20))) + -1 + 18?
24
Calculate -4 - (-12 + -4 - -4) - (41 - 16).
-17
What is -32 + (67 - 30) - (17 - (-2 + 1))?
-13
Calculate 126 + -102 - (12 - -1).
11
9 - (1 - (15 - 15))
8
What is the value of 4 + 5 + (3 + (1 - 6) - -7)?
14
Evaluate -14 + -1 - -16 - -8.
9
Evaluate -14 + (34 - 15 - 15).
-10
What is the value of -6 + 5 + -5 + 10 + 7?
11
Evaluate -5 + (1 + 2 - 5) + 8.
1
Calculate 0 + -15 - (18 - 9 - 15).
-9
Evaluate (-8 - (10 - 18)) + -7 - 6.
-13
What is the value of -15 - (15 + -87 + 28)?
29
-12 + (-11 - -47) + -12
12
Calculate -22 + 11 + 4 + -1 + 15 + -11.
-4
What is -11 + 1 + 9 + 5?
4
Calculate 9 + -9 + -10 + 1 - 4.
-13
What is the value of (10 - -2 - (51 + -17)) + 15?
-7
What is -9 - -20 - (20 - 19)?
10
Evaluate 16 + 19 + -35 + (-4 - 6).
-10
What is the value of 18 - (14 - (16 - 1))?
19
-14 + -8 + (8 - -11)
-3
What is (-6 - (6 + -4)) + 6?
-2
What is the value of -33 + 24 + -3 - (2 + 5)?
-19
Calculate 2 - (1 + 13 + -6 - (-16 - -22)).
0
Calculate 11 + (-9 - (-6 + 12)).
-4
Evaluate 2 + (7 - 7) + -13.
-11
What is -5 - (-28 + 28 - (0 - -26) - 6)?
27
Evaluate -5 + -5 + 3 - (-9 + 1 - -2).
-1
Evaluate -8 + -10 + 21 + 12.
15
-1 - (12 + -6 + 0)
-7
-820 + 851 + -19 + 1
13
0 - (-2 + 1 + 1)
0
What is 17 - (6 - -21) - 7?
-17
What is the value of 11 - -15 - (-5 + 18 - 2)?
15
Calculate 18 + 10 + -34 + 29.
23
Calculate 1 + (12 - 13) - (23 + 0 - 6).
-17
Evaluate (0 - 11) + 18 + 29 + -13.
23
What is the value of 8 - (9 + -3 - -15)?
-13
Evaluate -10 + (-4 - -2) + (49 - (32 - -17)).
-12
Calculate 86 + -86 - (30 - (0 + -5) - -1).
-36
Evaluate -5 - ((8 - 13) + 4 - -13 - 27).
10
(-2 - -1) + -1 - (-64 - -67) - 3
-8
Evaluate (10 - 8) + (16 - (16 - 8)).
10
What is -158 + 152 + -6 + 0 - -1?
-11
What is the value of 2 + 17 + -18 + -5 + -6?
-10
What is -11 + (1 + 11 - 6)?
-5
What is 413 - 406 - (1 + 0 + 8)?
-2
2 + 0 + (-2 - (-5 - -10))
-5
What is the value of 8 + 0 - (26 + -5)?
-13
What is the value of (-6 - -12) + -5 + -9 + 6?
-2
What is 15 + 8 + -9 - (4 - -20)?
-10
Evaluate 0 + 7 + (-14 - (-12 - (-10 + 13))).
8
What is 13 - ((-91 - -91) + 1 + 1)?
11
5 + 6 + 25 + -20
16
-10 + 21 - (0 - -5)
6
Calculate (-1 + 4 - 0) + (-5 - -5) - -29.
32
-26 - (-23 + (31 - 23))
-11
What is the value of 24 + 2 + (61 - 69) - -11?
29
What is the value of 4 + -2 - 19 - (-28 + 0 + 31)?
-20
Calculate 6 - 11 - (4 - (-4 - -2)) - 0.
-11
What is the value of (-6 + -3 - (24 - 30)) + 21?
18
What is the value of 5 + (2 - (-1 + 0) - (13 + 6))?
-11
Evaluate 2 - 4 - (16 + 8 - 24).
-2
Calculate 3 - (61 + -63 + (1 - (0 - -4))).
8
(2 - 8) + 5 - -11
10
Evaluate 3 - -1 - (2 + (5 - 1) + -7).
5
What is the value of 0 + 0 + 42 + 9 + -53?
-2
What is (-9 - 2) + (-83 - -98)?
4
What is the value of 22 - (-6 - (-6 - 17))?
5
Calculate (12 - (-12 - -2)) + -10.
12
-1 + (0 - -43) - (-2284 + 2291)
35
What is the value of 56 + -67 + 2 + 29?
20
7 - (14 + 21 - -9)
-37
Evaluate (-33 - -27) + 25 + -14.
5
Evalua